) = -i**3 - i + 2. Let v(x) = x**2 - 9*x - 2. Let p be v(10). Let b be ((-9)/(-6))/(6/p). Determine c(b).
-8
Let p(q) be the first derivative of -q**5/30 - q**4/24 + q**3/3 + 1. Let j(g) be the third derivative of p(g). Give j(-3).
11
Let b(a) be the first derivative of a**3/3 - 2*a**2 + 3*a - 4. Give b(5).
8
Let w(d) = d + 4. Let n(l) = -2*l - 8. Let g(s) = -3*n(s) - 5*w(s). Let t(q) = q - 19. Let a be t(15). Calculate g(a).
0
Let v(f) be the first derivative of -f**2 + 3*f - 3. Determine v(3).
-3
Let b(y) = -y - 3. Let w(q) = q**2 - 7*q + 4. Let d be w(5). What is b(d)?
3
Suppose 0*g + 3*g = -5*h + 39, 0 = -4*h + 5*g + 46. Suppose 4*v + 11 + h = 0. Let a(q) = q**2 + 3*q - 1. Calculate a(v).
9
Let m(r) = r + 2. Suppose -7 = -2*j - 1. Let k = -3 + j. Calculate m(k).
2
Let d be 1 + 0 + (-9 - -4). Let u(n) = -11*n**3 - 17*n**2 - 5*n + 11. Let g(k) = 5*k**3 + 8*k**2 + 2*k - 5. Let f(x) = 9*g(x) + 4*u(x). What is f(d)?
7
Let n(g) = g**3 + 5*g**2 + g. Let q(v) = -3*v - 29. Let s be q(-8). Determine n(s).
-5
Let m = 6 + -2. Let r(t) be the third derivative of -1/3*t**3 - 2*t**2 + 1/8*t**4 + 0*t - 1/60*t**5 + 0. Calculate r(m).
-6
Suppose -4*u = -3*k + 7, -u + 0*k - 2*k + 12 = 0. Let p(h) = -u + 4*h + 2*h - 2*h. Let w(y) = -y**3 - y**2 + 2. Let g be w(0). Determine p(g).
6
Let x(m) = 2*m**3 - 3*m**3 + 2*m**3 + m**2 - 5. Let u be 6/(-9) + (-30)/9. Let v(g) = -g**2 - 5*g - 4. Let w be v(u). What is x(w)?
-5
Suppose 3*k = -0*k. Let a(b) = -b**2 - 7*b - 7. Let p be a(-5). Let t(z) = 1 + z - p + k. Calculate t(-3).
-5
Let i(b) = 1 + 2 - 7 + 7 + 4*b + 3*b**2. Suppose -3*y - 2*y = 20. Let k be (y - 1)*(-4)/(-10). Calculate i(k).
7
Suppose -o = -4*y + 7, -3*o - 5 = -4*y - 0*y. Let l(x) = x**3 - x**2 - 2*x. What is l(y)?
0
Let m(o) = -o**2 - 6*o + 7. Suppose -4*k - 3*b = -3*k + 18, 4*b - 8 = 4*k. Let t = k - 1. Give m(t).
0
Let d(u) be the first derivative of 5*u**3/3 + 3*u**2 + 6*u + 4. Let c(i) = -4*i**2 - 6*i - 6. Let r(v) = 4*c(v) + 3*d(v). Calculate r(-6).
-6
Let q(f) = 8*f - f**3 - 6*f + 2*f**2 + 8 + 4*f**2 + 5*f. Calculate q(7).
8
Let u(b) = -4*b + 10. Let h = 62 + -55. Determine u(h).
-18
Let t(j) be the first derivative of -2*j + 2 - 1/2*j**2. Let h(d) = -d - 2. Let i(s) = -2*h(s) + 3*t(s). Determine i(-3).
1
Let t(n) = 10*n**2 - 8*n - 6. Let w(r) = 3*r**2 - 3*r - 2. Let a(z) = -2*t(z) + 7*w(z). Suppose 0*c = 4*c - 20. Give a(c).
-2
Suppose 0*m = -2*m + 4. Let n(h) = 26*h + 10*h**3 - 1 - m*h**3 - 26*h. Suppose -5*r - 1 = -4*r. Determine n(r).
-9
Let r = 95 + -102. Let y(u) = -u - 6. What is y(r)?
1
Let n(i) = -i - i**2 + 0 + 0. Let o(v) = -v**3 - 6*v**2 - 5*v - 2. Let r be o(-5). What is n(r)?
-2
Let f(v) = v**2 - v - 2*v - v + 3. Calculate f(2).
-1
Let r(j) = j**3 + 5*j**2 - 5*j + 8. Let k be r(-6). Let q(f) = -f**3 - 1. Let z(y) = -6*y**3 + 2*y - 4. Let n(s) = 5*q(s) - z(s). What is n(k)?
3
Let l(j) = 2*j - 5. Suppose 5*k = -5*y - 35, 0 = -3*y + 2*k - 3 - 3. Give l(y).
-13
Let k(j) be the first derivative of -1/3*j**3 + 1/2*j**2 - 4 + 4*j. What is k(3)?
-2
Let m(l) be the second derivative of -l**4/12 + l**3 - 14*l. Let u = 12 + -8. Determine m(u).
8
Let s(v) = 27*v - 26*v + 3 + 3. Let g = 2 - -1. Let h be 4/6 - 2/g. Determine s(h).
6
Suppose 12 = p + 2*p. Suppose 2*w = 0, -11 + 3 = -p*z - 3*w. Let h(v) = 2 - 2*v + z + 12*v - 5. What is h(1)?
9
Suppose 1 + 3 = -2*w. Let c(a) = -5*a. Let r(n) = n. Let j(u) = 2*c(u) + 11*r(u). What is j(w)?
-2
Suppose 3*y + 15 = 6*y. Let h = y - 5. Let p(j) be the second derivative of j**5/20 + 2*j. Give p(h).
0
Let q(b) = -3*b**2 + 5*b**2 - 1 + 0*b**2. Suppose -5*v + 4 = -3*v. What is q(v)?
7
Let m(w) = 3*w + 2*w + 13*w**2 - 3*w - w. What is m(1)?
14
Let a(r) be the first derivative of -2/3*r**3 + r + 1 - 3/2*r**2. Let x(y) = y**2 - 7*y - 3. Let t be x(7). What is a(t)?
-8
Let l(d) = 5*d**3 - 16*d**2 - 8*d + 16. Let k(z) = -z**3 + z**2 - 1. Let n(v) = 6*k(v) + l(v). Determine n(-9).
1
Suppose 4*a = -2*k - 4, -6 = -k - 2. Let u(p) = -p**3 - 3*p**2 - 2*p - 1. Determine u(a).
5
Let u be 8 - 3/(1*-3). Suppose 11 = -4*r - u. Let l(p) = p + 2. Calculate l(r).
-3
Let n(d) = -d**2 - 4*d - 7. Let u be 60/105 + (-78)/14. Determine n(u).
-12
Suppose 2*t = -2 + 8. Let s(h) = h**2 + 0*h + h - 3*h**t + 2*h**3 + 13. Give s(0).
13
Let g(m) = m + 5. Let p be -6 + 5 + (-6)/2. Let x be g(p). Let s(q) = -5*q**3 - 4*q**2 + 1. Let t(z) = -z**3 + z + 1. Let v(n) = x*s(n) - 4*t(n). Give v(-2).
-3
Let c(f) = f - 4. Let o be c(6). Suppose -11 = -b + 4*q, o*q - 5*q + 4 = b. Let p(u) = -u + 6. Give p(b).
-1
Let l(o) = -4 + 8 - o + 0*o. Let v be l(2). Suppose 0 = 5*m + v + 3. Let c(t) = 2*t. Give c(m).
-2
Let s(l) = -l**2 - 9. Let u(i) = 3*i**2 + 18. Let h(w) = 5*s(w) + 2*u(w). Let v(f) = f + 2. Let t be v(-2). Give h(t).
-9
Let g(l) = -1 + 8 - l + 1. Determine g(4).
4
Let i(q) = q**3 - 4*q**2 + 3*q + 2. Let h be i(3). Let l(p) = -5*p + 5*p + 4 + 6*p + p**h. Let o = 6 + -12. Calculate l(o).
4
Suppose -2*w = -3 + 1. Let f(s) = -w - 3 + s - 5*s. Calculate f(-3).
8
Let n = 29 + -26. Let f be 7 - n - (8 + 1). Let d(w) be the second derivative of w**3/6 + 2*w**2 + w. Give d(f).
-1
Suppose 0 = 6*s - 5*s - 3. Let i(y) = 3*y**2 - 1 + y + s*y**2 - y**3 + 2*y**3. Calculate i(-6).
-7
Let l(q) = 2*q**2 - 7*q + 11. Let u(g) = -3*g**2 + 7*g - 11. Let j(d) = 4*l(d) + 3*u(d). Let s = 496 - 504. Calculate j(s).
3
Let i(o) = -13*o**2 + 20*o**2 + 8 - 8*o**2 - o. What is i(0)?
8
Let o = -40 - -39. Let c(s) = 3*s**2 + 2*s + 1. Give c(o).
2
Suppose 2*q - 3*k = -4, 4*q - 2*k + 2 = 10. Let s(v) = -3*v + 5. Determine s(q).
-7
Let i(l) = -l**2 + 1. Let s be i(0). Let y(w) = w + 4*w - s + 0. Calculate y(-2).
-11
Let i(n) = -9*n**2 + 6 - 16*n + 10*n - n**3 + 5. Calculate i(-8).
-5
Let w be 0 - (7 + (-1 - -2)). Let s be 14/10 + w/20. Suppose 5*c = -5*v - 10, -c - 3*v + s = -1. Let u(f) = -f**2 - 2*f + 2. Determine u(c).
-6
Let v = 16 + -15. Let r(s) = 5*s**2 - 12*s + 4*s + v - s**3 + 3*s. Determine r(4).
-3
Let b(o) = -3*o**3 - 14*o**2 - 8*o + 3. Let v(i) = -2*i**3 - 9*i**2 - 5*i + 2. Let k(f) = 5*b(f) - 7*v(f). Determine k(-6).
-5
Let r(j) = -5*j - 6. Let i(l) = l + 1. Let a(f) = 11*i(f) + 2*r(f). Let y(u) = -2*u + 6. Let n(h) = -3*a(h) - y(h). Determine n(-4).
1
Let o(y) be the third derivative of -y**6/120 + 7*y**5/60 - y**4/4 + y**3/3 - 25*y**2. Let b(m) = -m**3 + 2*m + 2. Let g be b(-2). Give o(g).
2
Let l(c) = 4*c**2 + c + 3. Let b(a) = 11*a**2 + 4*a + 8. Let q(y) = 3*b(y) - 8*l(y). Give q(-5).
5
Let y(q) = -1 + 0 + 8*q - q. Calculate y(-1).
-8
Let q(b) = b**3 - b**2 - 9. Let d be (-1)/(-2) - 3/6. Let a be (2 - (d + 3))*2. Let y = a + 2. Determine q(y).
-9
Let m be ((-1)/3)/(1/(-15)). Let w(i) = 18*i - 44*i - i**2 + 27*i - m. Determine w(0).
-5
Let a be (-6)/15 + (-17)/(-5). Let g = -3 + a. Let q(h) = h**3 + h + 2. What is q(g)?
2
Let q = 6 - 4. Let y(i) = -11 + i**3 - i**2 + 4*i**2 - 4*i**q. Determine y(0).
-11
Let i be 38/8 + (-5)/(-20). Suppose -i*d - 33 = 3*m, -d + 3*d = m. Let a(k) = k**3 + 7*k**2 + 8*k + 6. What is a(m)?
-6
Let h(i) = i**3 + 3*i**2 - 4*i - 3. Let n be (-2)/(-1 + 0)*-2. Let g be h(n). Let o(k) = k**3 + 3*k**2 - 4*k - 3. What is o(g)?
9
Let i(t) = t**3 - 4*t**2 - t + 3. Let p(k) = -k**3 + 3*k**2 + k - 1. Let z(q) = 3*i(q) + 2*p(q). Let b = -5 + 11. Give z(b).
1
Let f(m) = m**3 - 8*m**2 + 9*m - 10. Let z be f(7). Let q(p) = 2 - 2*p - z + p**2 - 2*p**2. What is q(-3)?
-5
Let q(a) = -a**2 + 11*a + 32. Let v be q(13). Let n(k) be the first derivative of k**3/3 - 7*k**2/2 + 6*k + 1. Give n(v).
0
Let y(r) be the third derivative of 0*r**5 + 0*r**3 - 3*r**2 + 0*r - 1/24*r**4 + 0 + 1/720*r**6. Let i(x) be the second derivative of y(x). Give i(5).
5
Let c(g) = -g**2 - 6*g. Let s(v) = -v**2 - 6*v - 1. Let a(i) = -5*c(i) + 6*s(i). What is a(-4)?
2
Let w(f) = -86 - 95 + 179 + 2*f. Suppose 0*q = -2*q + 14. Suppose 4*d - q = 1. What is w(d)?
2
Let a(f) = 2*f + 6 + 6*f - 5*f**2 + 4*f**2 + 0*f. What is a(7)?
13
Let v(h) = -h**3 - 4*h**2 - h + 2. Let q = 2 - 6. Let t be v(q). Let k(o) = -2*o + 9. Calculate k(t).
-3
Let u(m) = -m + 3. Let h be u(-2). Let n(p) = -p - 1. Calculate n(h).
-6
Let o(j) = -3*j**2 + 4*j + 1. Let t(i) = -4*i**2 + 5*i + 2. Let r(v) = 5*o(v) - 4*t(v). Let s be r(3). Let z(m) = m**3 - 6*m**2 + m - 7. Determine z(s).
-1
Let c be 2/(-3) - 